{"id":266,"date":"2021-01-24T17:28:23","date_gmt":"2021-01-24T16:28:23","guid":{"rendered":"https:\/\/unterpfarre.de\/?page_id=266"},"modified":"2021-03-30T20:19:43","modified_gmt":"2021-03-30T18:19:43","slug":"das-haus","status":"publish","type":"page","link":"https:\/\/unterpfarre.de\/?page_id=266","title":{"rendered":"Das Haus"},"content":{"rendered":"\t\t<div data-elementor-type=\"wp-page\" data-elementor-id=\"266\" class=\"elementor elementor-266\">\n\t\t\t\t\t\t<section class=\"elementor-section elementor-top-section elementor-element elementor-element-4ed1d13 elementor-section-full_width elementor-section-stretched elementor-section-content-space-evenly elementor-section-height-full elementor-section-height-default elementor-section-items-middle\" data-id=\"4ed1d13\" data-element_type=\"section\" data-settings=\"{&quot;background_background&quot;:&quot;classic&quot;,&quot;stretch_section&quot;:&quot;section-stretched&quot;}\">\n\t\t\t\t\t\t\t<div class=\"elementor-background-overlay\"><\/div>\n\t\t\t\t\t\t\t<div class=\"elementor-container elementor-column-gap-default\">\n\t\t\t\t\t<div class=\"elementor-column elementor-col-100 elementor-top-column elementor-element elementor-element-7554dcc1\" data-id=\"7554dcc1\" data-element_type=\"column\" data-settings=\"{&quot;background_background&quot;:&quot;classic&quot;}\">\n\t\t\t<div class=\"elementor-widget-wrap elementor-element-populated\">\n\t\t\t\t\t\t<div class=\"elementor-element elementor-element-ed594da elementor-widget elementor-widget-heading\" data-id=\"ed594da\" data-element_type=\"widget\" data-widget_type=\"heading.default\">\n\t\t\t\t<div class=\"elementor-widget-container\">\n\t\t\t\t\t<h2 class=\"elementor-heading-title elementor-size-default\">das Haus<\/h2>\t\t\t\t<\/div>\n\t\t\t\t<\/div>\n\t\t\t\t<div class=\"elementor-element elementor-element-8e465e8 elementor-arrows-position-inside elementor-pagination-position-outside elementor-widget elementor-widget-image-carousel\" data-id=\"8e465e8\" data-element_type=\"widget\" data-settings=\"{&quot;slides_to_show&quot;:&quot;2&quot;,&quot;slides_to_scroll&quot;:&quot;2&quot;,&quot;navigation&quot;:&quot;both&quot;,&quot;autoplay&quot;:&quot;yes&quot;,&quot;pause_on_hover&quot;:&quot;yes&quot;,&quot;pause_on_interaction&quot;:&quot;yes&quot;,&quot;autoplay_speed&quot;:5000,&quot;infinite&quot;:&quot;yes&quot;,&quot;speed&quot;:500}\" data-widget_type=\"image-carousel.default\">\n\t\t\t\t<div class=\"elementor-widget-container\">\n\t\t\t\t\t\t\t<div class=\"elementor-image-carousel-wrapper swiper\" role=\"region\" aria-roledescription=\"carousel\" aria-label=\"Bild Karussell\" dir=\"ltr\">\n\t\t\t<div class=\"elementor-image-carousel swiper-wrapper\" aria-live=\"off\">\n\t\t\t\t\t\t\t\t<div class=\"swiper-slide\" role=\"group\" aria-roledescription=\"slide\" aria-label=\"1 von 10\"><a data-elementor-open-lightbox=\"yes\" data-elementor-lightbox-slideshow=\"8e465e8\" data-elementor-lightbox-title=\"Willkommen in der Unterpfarre\" data-e-action-hash=\"#elementor-action%3Aaction%3Dlightbox%26settings%3DeyJpZCI6Nzk2LCJ1cmwiOiJodHRwczpcL1wvdW50ZXJwZmFycmUuZGVcL3dwLWNvbnRlbnRcL3VwbG9hZHNcLzIwMjFcLzAzXC8yMDE4LTA5LTIyLWRhcy1Ub3IuanBnIiwic2xpZGVzaG93IjoiOGU0NjVlOCJ9\" href=\"https:\/\/unterpfarre.de\/wp-content\/uploads\/2021\/03\/2018-09-22-das-Tor.jpg\"><figure class=\"swiper-slide-inner\"><img decoding=\"async\" class=\"swiper-slide-image\" src=\"https:\/\/unterpfarre.de\/wp-content\/uploads\/elementor\/thumbs\/2018-09-22-das-Tor-p4b9ozxnncl4hszrj31t45275jzqb6pcdqc3u3rfg0.jpg\" alt=\"Willkommen in der Unterpfarre\" \/><figcaption class=\"elementor-image-carousel-caption\">Willkommen in der Unterpfarre<\/figcaption><\/figure><\/a><\/div><div class=\"swiper-slide\" role=\"group\" aria-roledescription=\"slide\" aria-label=\"2 von 10\"><a data-elementor-open-lightbox=\"yes\" data-elementor-lightbox-slideshow=\"8e465e8\" data-elementor-lightbox-title=\"Ostseite mit Hof September 2018\" data-e-action-hash=\"#elementor-action%3Aaction%3Dlightbox%26settings%3DeyJpZCI6Nzg5LCJ1cmwiOiJodHRwczpcL1wvdW50ZXJwZmFycmUuZGVcL3dwLWNvbnRlbnRcL3VwbG9hZHNcLzIwMjFcLzAzXC8yMDE4LTA5LTAxLU9zdHNlaXRlLW1pdC1Ib2YuanBnIiwic2xpZGVzaG93IjoiOGU0NjVlOCJ9\" href=\"https:\/\/unterpfarre.de\/wp-content\/uploads\/2021\/03\/2018-09-01-Ostseite-mit-Hof.jpg\"><figure class=\"swiper-slide-inner\"><img decoding=\"async\" class=\"swiper-slide-image\" src=\"https:\/\/unterpfarre.de\/wp-content\/uploads\/elementor\/thumbs\/2018-09-01-Ostseite-mit-Hof-p4b9aveyxz900rif0h8n57dts3m5mxmk3tef7epey8.jpg\" alt=\"Ostseite mit Hof September 2018\" \/><figcaption class=\"elementor-image-carousel-caption\">Ostseite mit Hof September 2018<\/figcaption><\/figure><\/a><\/div><div class=\"swiper-slide\" role=\"group\" aria-roledescription=\"slide\" aria-label=\"3 von 10\"><a data-elementor-open-lightbox=\"yes\" data-elementor-lightbox-slideshow=\"8e465e8\" data-elementor-lightbox-title=\"Ostseite im Winter 2021\" data-e-action-hash=\"#elementor-action%3Aaction%3Dlightbox%26settings%3DeyJpZCI6NjU2LCJ1cmwiOiJodHRwczpcL1wvdW50ZXJwZmFycmUuZGVcL3dwLWNvbnRlbnRcL3VwbG9hZHNcLzIwMjFcLzAyXC8yMDIxLTAyLVdpbnRlci5qcGciLCJzbGlkZXNob3ciOiI4ZTQ2NWU4In0%3D\" href=\"https:\/\/unterpfarre.de\/wp-content\/uploads\/2021\/02\/2021-02-Winter.jpg\"><figure class=\"swiper-slide-inner\"><img decoding=\"async\" class=\"swiper-slide-image\" src=\"https:\/\/unterpfarre.de\/wp-content\/uploads\/elementor\/thumbs\/2021-02-Winter-p2wymxkpp5clvgtkfv1evn8cb0yiowwih9nykdl0c0.jpg\" alt=\"Ostseite im Winter 2021\" \/><figcaption class=\"elementor-image-carousel-caption\">Ostseite im Winter 2021<\/figcaption><\/figure><\/a><\/div><div class=\"swiper-slide\" role=\"group\" aria-roledescription=\"slide\" aria-label=\"4 von 10\"><a data-elementor-open-lightbox=\"yes\" data-elementor-lightbox-slideshow=\"8e465e8\" data-elementor-lightbox-title=\"das Wappen von Hornburg an der Ostseite des Hauses\" data-e-action-hash=\"#elementor-action%3Aaction%3Dlightbox%26settings%3DeyJpZCI6Nzc4LCJ1cmwiOiJodHRwczpcL1wvdW50ZXJwZmFycmUuZGVcL3dwLWNvbnRlbnRcL3VwbG9hZHNcLzIwMjFcLzAzXC8yMDIxLTAzLTA0LVdhcHBlbi1Ib3JuYnVyZy5qcGciLCJzbGlkZXNob3ciOiI4ZTQ2NWU4In0%3D\" href=\"https:\/\/unterpfarre.de\/wp-content\/uploads\/2021\/03\/2021-03-04-Wappen-Hornburg.jpg\"><figure class=\"swiper-slide-inner\"><img decoding=\"async\" class=\"swiper-slide-image\" src=\"https:\/\/unterpfarre.de\/wp-content\/uploads\/elementor\/thumbs\/2021-03-04-Wappen-Hornburg-p4b8jsoc2s6nl4ua49witjctrj2iwt4wpsvwjguo6o.jpg\" alt=\"das Wappen von Hornburg an der Ostseite des Hauses\" \/><figcaption class=\"elementor-image-carousel-caption\">das Wappen von Hornburg an der Ostseite des Hauses<\/figcaption><\/figure><\/a><\/div><div class=\"swiper-slide\" role=\"group\" aria-roledescription=\"slide\" aria-label=\"5 von 10\"><a data-elementor-open-lightbox=\"yes\" data-elementor-lightbox-slideshow=\"8e465e8\" data-elementor-lightbox-title=\"S\u00fcdseite Herbst 2018\" data-e-action-hash=\"#elementor-action%3Aaction%3Dlightbox%26settings%3DeyJpZCI6Mjc4LCJ1cmwiOiJodHRwczpcL1wvdW50ZXJwZmFycmUuZGVcL3dwLWNvbnRlbnRcL3VwbG9hZHNcLzIwMjFcLzAxXC9QMTA3MDA1OC1zY2FsZWQuanBnIiwic2xpZGVzaG93IjoiOGU0NjVlOCJ9\" href=\"https:\/\/unterpfarre.de\/wp-content\/uploads\/2021\/01\/P1070058-scaled.jpg\"><figure class=\"swiper-slide-inner\"><img decoding=\"async\" class=\"swiper-slide-image\" src=\"https:\/\/unterpfarre.de\/wp-content\/uploads\/elementor\/thumbs\/P1070058-scaled-p1uhjpix82ctlpxon7jgzgf4lmfvs1d0x84v6ea5tc.jpg\" alt=\"S\u00fcdseite Herbst 2018\" \/><figcaption class=\"elementor-image-carousel-caption\">S\u00fcdseite Herbst 2018<\/figcaption><\/figure><\/a><\/div><div class=\"swiper-slide\" role=\"group\" aria-roledescription=\"slide\" aria-label=\"6 von 10\"><a data-elementor-open-lightbox=\"yes\" data-elementor-lightbox-slideshow=\"8e465e8\" data-elementor-lightbox-title=\"Ansicht S\u00fcd August 2020 created by rf\" data-e-action-hash=\"#elementor-action%3Aaction%3Dlightbox%26settings%3DeyJpZCI6NjEyLCJ1cmwiOiJodHRwczpcL1wvdW50ZXJwZmFycmUuZGVcL3dwLWNvbnRlbnRcL3VwbG9hZHNcLzIwMjFcLzAyXC9Ecm9obmUtU3VlZC16dWcuanBnIiwic2xpZGVzaG93IjoiOGU0NjVlOCJ9\" href=\"https:\/\/unterpfarre.de\/wp-content\/uploads\/2021\/02\/Drohne-Sued-zug.jpg\"><figure class=\"swiper-slide-inner\"><img decoding=\"async\" class=\"swiper-slide-image\" src=\"https:\/\/unterpfarre.de\/wp-content\/uploads\/elementor\/thumbs\/Drohne-Sued-zug-p2v33az9ocmvasw9frzzk9ahoq5455icttuep2zcvk.jpg\" alt=\"Ansicht S\u00fcd August 2020 created by rf\" \/><figcaption class=\"elementor-image-carousel-caption\">Ansicht S\u00fcd August 2020 created by rf<\/figcaption><\/figure><\/a><\/div><div class=\"swiper-slide\" role=\"group\" aria-roledescription=\"slide\" aria-label=\"7 von 10\"><a data-elementor-open-lightbox=\"yes\" data-elementor-lightbox-slideshow=\"8e465e8\" data-elementor-lightbox-title=\"Dachs\u00fcdseite Dezember 2018\" data-e-action-hash=\"#elementor-action%3Aaction%3Dlightbox%26settings%3DeyJpZCI6Nzg3LCJ1cmwiOiJodHRwczpcL1wvdW50ZXJwZmFycmUuZGVcL3dwLWNvbnRlbnRcL3VwbG9hZHNcLzIwMjFcLzAzXC8yMDE4LTEyLTE5LURhY2gtU3VlZHNlaXRlLmpwZyIsInNsaWRlc2hvdyI6IjhlNDY1ZTgifQ%3D%3D\" href=\"https:\/\/unterpfarre.de\/wp-content\/uploads\/2021\/03\/2018-12-19-Dach-Suedseite.jpg\"><figure class=\"swiper-slide-inner\"><img decoding=\"async\" class=\"swiper-slide-image\" src=\"https:\/\/unterpfarre.de\/wp-content\/uploads\/elementor\/thumbs\/2018-12-19-Dach-Suedseite-p4b92wq71icjnp2uijbfipq8lkv7f90fcefbu0iho0.jpg\" alt=\"Dachs\u00fcdseite Dezember 2018\" \/><figcaption class=\"elementor-image-carousel-caption\">Dachs\u00fcdseite Dezember 2018<\/figcaption><\/figure><\/a><\/div><div class=\"swiper-slide\" role=\"group\" aria-roledescription=\"slide\" aria-label=\"8 von 10\"><a data-elementor-open-lightbox=\"yes\" data-elementor-lightbox-slideshow=\"8e465e8\" data-elementor-lightbox-title=\"M\u00f6rtelverstrich mit Signatur von Erich Meier 12.07.1957\" data-e-action-hash=\"#elementor-action%3Aaction%3Dlightbox%26settings%3DeyJpZCI6ODAwLCJ1cmwiOiJodHRwczpcL1wvdW50ZXJwZmFycmUuZGVcL3dwLWNvbnRlbnRcL3VwbG9hZHNcLzIwMjFcLzAzXC9QMTAwMDEyNC1zY2FsZWQuanBnIiwic2xpZGVzaG93IjoiOGU0NjVlOCJ9\" href=\"https:\/\/unterpfarre.de\/wp-content\/uploads\/2021\/03\/P1000124-scaled.jpg\"><figure class=\"swiper-slide-inner\"><img decoding=\"async\" class=\"swiper-slide-image\" src=\"https:\/\/unterpfarre.de\/wp-content\/uploads\/elementor\/thumbs\/P1000124-scaled-p4b9y8oiup8mnrkfk2vqmt3dfyfo01ebnh9zq2229c.jpg\" alt=\"M\u00f6rtelverstrich mit Signatur von Erich Meier 12.07.1957\" \/><figcaption class=\"elementor-image-carousel-caption\">M\u00f6rtelverstrich mit Signatur von Erich Meier 12.07.1957<\/figcaption><\/figure><\/a><\/div><div class=\"swiper-slide\" role=\"group\" aria-roledescription=\"slide\" aria-label=\"9 von 10\"><a data-elementor-open-lightbox=\"yes\" data-elementor-lightbox-slideshow=\"8e465e8\" data-elementor-lightbox-title=\"Ansicht Nord August 2020 created by rf\" data-e-action-hash=\"#elementor-action%3Aaction%3Dlightbox%26settings%3DeyJpZCI6NjEzLCJ1cmwiOiJodHRwczpcL1wvdW50ZXJwZmFycmUuZGVcL3dwLWNvbnRlbnRcL3VwbG9hZHNcLzIwMjFcLzAyXC9ESklfMDg3NS16dWcuanBnIiwic2xpZGVzaG93IjoiOGU0NjVlOCJ9\" href=\"https:\/\/unterpfarre.de\/wp-content\/uploads\/2021\/02\/DJI_0875-zug.jpg\"><figure class=\"swiper-slide-inner\"><img decoding=\"async\" class=\"swiper-slide-image\" src=\"https:\/\/unterpfarre.de\/wp-content\/uploads\/elementor\/thumbs\/DJI_0875-zug-p2v362m5ssf9hgvj9z2fwk5cnki0t2hwjizvkevmk0.jpg\" alt=\"Ansicht Nord August 2020 created by rf\" \/><figcaption class=\"elementor-image-carousel-caption\">Ansicht Nord August 2020 created by rf<\/figcaption><\/figure><\/a><\/div><div class=\"swiper-slide\" role=\"group\" aria-roledescription=\"slide\" aria-label=\"10 von 10\"><a data-elementor-open-lightbox=\"yes\" data-elementor-lightbox-slideshow=\"8e465e8\" data-elementor-lightbox-title=\"freigelegter Deckenbalken in der K\u00fcche (Foto von Anja Stadler)\" data-e-action-hash=\"#elementor-action%3Aaction%3Dlightbox%26settings%3DeyJpZCI6NzgyLCJ1cmwiOiJodHRwczpcL1wvdW50ZXJwZmFycmUuZGVcL3dwLWNvbnRlbnRcL3VwbG9hZHNcLzIwMjFcLzAzXC8yMDIxLTAzLTE2LURlY2tlbmJhbGtlbi1LdWVjaGUuanBnIiwic2xpZGVzaG93IjoiOGU0NjVlOCJ9\" href=\"https:\/\/unterpfarre.de\/wp-content\/uploads\/2021\/03\/2021-03-16-Deckenbalken-Kueche.jpg\"><figure class=\"swiper-slide-inner\"><img decoding=\"async\" class=\"swiper-slide-image\" src=\"https:\/\/unterpfarre.de\/wp-content\/uploads\/elementor\/thumbs\/2021-03-16-Deckenbalken-Kueche-p4b8rztnoreouoxk8thdkgvkains1romidqd8cp1ww.jpg\" alt=\"freigelegter Deckenbalken in der K\u00fcche (Foto von Anja Stadler)\" \/><figcaption class=\"elementor-image-carousel-caption\">freigelegter Deckenbalken in der K\u00fcche (Foto von Anja Stadler)<\/figcaption><\/figure><\/a><\/div>\t\t\t<\/div>\n\t\t\t\t\t\t\t\t\t\t\t\t<div class=\"elementor-swiper-button elementor-swiper-button-prev\" role=\"button\" tabindex=\"0\">\n\t\t\t\t\t\t<i aria-hidden=\"true\" class=\"eicon-chevron-left\"><\/i>\t\t\t\t\t<\/div>\n\t\t\t\t\t<div class=\"elementor-swiper-button elementor-swiper-button-next\" role=\"button\" tabindex=\"0\">\n\t\t\t\t\t\t<i aria-hidden=\"true\" class=\"eicon-chevron-right\"><\/i>\t\t\t\t\t<\/div>\n\t\t\t\t\n\t\t\t\t\t\t\t\t\t<div class=\"swiper-pagination\"><\/div>\n\t\t\t\t\t\t\t\t\t<\/div>\n\t\t\t\t\t\t<\/div>\n\t\t\t\t<\/div>\n\t\t\t\t\t<\/div>\n\t\t<\/div>\n\t\t\t\t\t<\/div>\n\t\t<\/section>\n\t\t\t\t<\/div>\n\t\t","protected":false},"excerpt":{"rendered":"<p>das Haus Willkommen in der Unterpfarre Ostseite mit Hof September 2018 Ostseite im Winter 2021 das Wappen von Hornburg an der Ostseite des Hauses S\u00fcdseite Herbst 2018 Ansicht S\u00fcd August 2020 created by rf Dachs\u00fcdseite Dezember 2018 M\u00f6rtelverstrich mit Signatur von Erich Meier 12.07.1957 Ansicht Nord August 2020 created by rf freigelegter Deckenbalken in der [&hellip;]<\/p>\n","protected":false},"author":3,"featured_media":0,"parent":0,"menu_order":0,"comment_status":"closed","ping_status":"closed","template":"","meta":{"ocean_post_layout":"full-screen","ocean_both_sidebars_style":"","ocean_both_sidebars_content_width":0,"ocean_both_sidebars_sidebars_width":0,"ocean_sidebar":"0","ocean_second_sidebar":"0","ocean_disable_margins":"enable","ocean_add_body_class":"","ocean_shortcode_before_top_bar":"","ocean_shortcode_after_top_bar":"","ocean_shortcode_before_header":"","ocean_shortcode_after_header":"","ocean_has_shortcode":"","ocean_shortcode_after_title":"","ocean_shortcode_before_footer_widgets":"","ocean_shortcode_after_footer_widgets":"","ocean_shortcode_before_footer_bottom":"","ocean_shortcode_after_footer_bottom":"","ocean_display_top_bar":"default","ocean_display_header":"default","ocean_header_style":"minimal","ocean_center_header_left_menu":"0","ocean_custom_header_template":"0","ocean_custom_logo":0,"ocean_custom_retina_logo":0,"ocean_custom_logo_max_width":0,"ocean_custom_logo_tablet_max_width":0,"ocean_custom_logo_mobile_max_width":0,"ocean_custom_logo_max_height":0,"ocean_custom_logo_tablet_max_height":0,"ocean_custom_logo_mobile_max_height":0,"ocean_header_custom_menu":"0","ocean_menu_typo_font_family":"Comic Sans MS, cursive","ocean_menu_typo_font_subset":"","ocean_menu_typo_font_size":0,"ocean_menu_typo_font_size_tablet":0,"ocean_menu_typo_font_size_mobile":0,"ocean_menu_typo_font_size_unit":"px","ocean_menu_typo_font_weight":"","ocean_menu_typo_font_weight_tablet":"","ocean_menu_typo_font_weight_mobile":"","ocean_menu_typo_transform":"","ocean_menu_typo_transform_tablet":"","ocean_menu_typo_transform_mobile":"","ocean_menu_typo_line_height":0,"ocean_menu_typo_line_height_tablet":0,"ocean_menu_typo_line_height_mobile":0,"ocean_menu_typo_line_height_unit":"","ocean_menu_typo_spacing":0,"ocean_menu_typo_spacing_tablet":0,"ocean_menu_typo_spacing_mobile":0,"ocean_menu_typo_spacing_unit":"","ocean_menu_link_color":"","ocean_menu_link_color_hover":"","ocean_menu_link_color_active":"","ocean_menu_link_background":"","ocean_menu_link_hover_background":"","ocean_menu_link_active_background":"","ocean_menu_social_links_bg":"","ocean_menu_social_hover_links_bg":"","ocean_menu_social_links_color":"","ocean_menu_social_hover_links_color":"","ocean_disable_title":"on","ocean_disable_heading":"enable","ocean_post_title":"","ocean_post_subheading":"","ocean_post_title_style":"","ocean_post_title_background_color":"","ocean_post_title_background":0,"ocean_post_title_bg_image_position":"","ocean_post_title_bg_image_attachment":"","ocean_post_title_bg_image_repeat":"","ocean_post_title_bg_image_size":"","ocean_post_title_height":0,"ocean_post_title_bg_overlay":0.5,"ocean_post_title_bg_overlay_color":"","ocean_disable_breadcrumbs":"default","ocean_breadcrumbs_color":"#000000","ocean_breadcrumbs_separator_color":"","ocean_breadcrumbs_links_color":"","ocean_breadcrumbs_links_hover_color":"","ocean_display_footer_widgets":"off","ocean_display_footer_bottom":"off","ocean_custom_footer_template":"0","footnotes":""},"class_list":["post-266","page","type-page","status-publish","hentry","entry"],"_links":{"self":[{"href":"https:\/\/unterpfarre.de\/index.php?rest_route=\/wp\/v2\/pages\/266","targetHints":{"allow":["GET"]}}],"collection":[{"href":"https:\/\/unterpfarre.de\/index.php?rest_route=\/wp\/v2\/pages"}],"about":[{"href":"https:\/\/unterpfarre.de\/index.php?rest_route=\/wp\/v2\/types\/page"}],"author":[{"embeddable":true,"href":"https:\/\/unterpfarre.de\/index.php?rest_route=\/wp\/v2\/users\/3"}],"replies":[{"embeddable":true,"href":"https:\/\/unterpfarre.de\/index.php?rest_route=%2Fwp%2Fv2%2Fcomments&post=266"}],"version-history":[{"count":107,"href":"https:\/\/unterpfarre.de\/index.php?rest_route=\/wp\/v2\/pages\/266\/revisions"}],"predecessor-version":[{"id":908,"href":"https:\/\/unterpfarre.de\/index.php?rest_route=\/wp\/v2\/pages\/266\/revisions\/908"}],"wp:attachment":[{"href":"https:\/\/unterpfarre.de\/index.php?rest_route=%2Fwp%2Fv2%2Fmedia&parent=266"}],"curies":[{"name":"wp","href":"https:\/\/api.w.org\/{rel}","templated":true}]}}